{"id":18599,"date":"2023-04-26T15:06:31","date_gmt":"2023-04-26T15:06:31","guid":{"rendered":"https:\/\/inmobiliariaareadelsol.com\/property\/industrial-building-with-cold-chamber\/"},"modified":"2023-04-26T15:06:31","modified_gmt":"2023-04-26T15:06:31","slug":"industrial-building-with-cold-chamber","status":"publish","type":"property","link":"https:\/\/inmobiliariaareadelsol.com\/en\/property\/industrial-building-with-cold-chamber\/","title":{"rendered":"Industrial building with cold chamber"},"content":{"rendered":"<p>Calle Carlo Goldoni Pol\u00edgono Guadalhorce &gt;Available warehouse with cold room, freshly painted, new translucent, fireproof.<br \/>\nYou have the possibility to remove\/cancel the camera if you do not need it.<br \/>\nThree-phase light<br \/>\nWide street for entrance of trailers.<\/p>\n","protected":false},"excerpt":{"rendered":"<p>Calle Carlo Goldoni Pol\u00edgono Guadalhorce &gt;Available warehouse with cold room, freshly painted, new translucent, fireproof. You have the possibility to remove\/cancel the camera if you do not need it. Three-phase light Wide street for entrance of trailers.<\/p>\n","protected":false},"author":2,"featured_media":0,"parent":0,"menu_order":0,"template":"","property_type":[],"property_status":[],"property_feature":[],"property_label":[],"property_country":[],"property_state":[],"property_city":[],"property_area":[],"class_list":["post-18599","property","type-property","status-publish","hentry"],"aioseo_notices":[],"property_meta":{"_alp_processed":["1682521591"],"fave_featured":["0"],"fave_property_images":["18544","18538","18540","18542","18546","18548","18550","18552","18554","18556","18558","18560","18562","18564","18566","18568","18570","18572","18574"],"_top_nav_excluded":[""],"_cms_nav_minihome":[""],"fave_property_price":["2400"],"fave_property_size":["450"],"fave_property_size_prefix":["m\u00b2"],"fave_property_land":["500"],"fave_property_land_postfix":["m\u00b2"],"fave_property_bathrooms":["2"],"fave_property_garage":["6"],"fave_property_id":["18599"],"fave_property_map":["1"],"fave_property_map_address":["Calle Carlo Goldoni, Pol\u00edgono Industrial Guadalhorce, Churriana, M\u00e1laga, M\u00e1laga-Costa del Sol, M\u00e1laga, Andaluc\u00eda, 29196, Spain"],"fave_property_location":["36.69738,-4.4882361"],"houzez_geolocation_lat":["36.69738"],"houzez_geolocation_long":["-4.4882361"],"fave_property_address":["Calle Carlo Goldoni, Pol\u00edgono Industrial Guadalhorce, Churriana, M\u00e1laga, M\u00e1laga-Costa del Sol, M\u00e1laga, Andaluc\u00eda, 29196, Spain"],"fave_property_zip":["29004"],"fave_agent_display_option":["author_info"],"additional_features":["a:1:{i:0;a:2:{s:29:\"fave_additional_feature_title\";s:0:\"\";s:29:\"fave_additional_feature_value\";s:0:\"\";}}"],"floor_plans":["a:1:{i:0;a:8:{s:15:\"fave_plan_title\";s:0:\"\";s:15:\"fave_plan_rooms\";s:0:\"\";s:19:\"fave_plan_bathrooms\";s:0:\"\";s:15:\"fave_plan_price\";s:0:\"\";s:23:\"fave_plan_price_postfix\";s:0:\"\";s:14:\"fave_plan_size\";s:0:\"\";s:15:\"fave_plan_image\";s:0:\"\";s:21:\"fave_plan_description\";s:0:\"\";}}"],"houzez_total_property_views":["591"],"houzez_views_by_date":["a:61:{s:10:\"01-10-2026\";i:1;s:10:\"01-12-2026\";i:2;s:10:\"01-13-2026\";i:2;s:10:\"01-14-2026\";i:1;s:10:\"01-16-2026\";i:2;s:10:\"01-19-2026\";i:3;s:10:\"01-21-2026\";i:1;s:10:\"01-23-2026\";i:1;s:10:\"01-24-2026\";i:1;s:10:\"01-27-2026\";i:1;s:10:\"01-29-2026\";i:1;s:10:\"01-30-2026\";i:3;s:10:\"01-31-2026\";i:1;s:10:\"02-01-2026\";i:14;s:10:\"02-02-2026\";i:1;s:10:\"02-03-2026\";i:1;s:10:\"02-05-2026\";i:2;s:10:\"02-08-2026\";i:1;s:10:\"02-11-2026\";i:2;s:10:\"02-12-2026\";i:1;s:10:\"02-15-2026\";i:1;s:10:\"02-18-2026\";i:1;s:10:\"02-21-2026\";i:1;s:10:\"02-23-2026\";i:3;s:10:\"02-24-2026\";i:2;s:10:\"02-25-2026\";i:2;s:10:\"02-28-2026\";i:2;s:10:\"03-03-2026\";i:3;s:10:\"03-04-2026\";i:3;s:10:\"03-05-2026\";i:11;s:10:\"03-06-2026\";i:2;s:10:\"03-07-2026\";i:1;s:10:\"03-09-2026\";i:1;s:10:\"03-10-2026\";i:1;s:10:\"03-11-2026\";i:1;s:10:\"03-13-2026\";i:1;s:10:\"03-15-2026\";i:2;s:10:\"03-18-2026\";i:1;s:10:\"03-22-2026\";i:2;s:10:\"03-23-2026\";i:3;s:10:\"03-24-2026\";i:1;s:10:\"03-25-2026\";i:2;s:10:\"03-29-2026\";i:1;s:10:\"04-02-2026\";i:2;s:10:\"04-03-2026\";i:3;s:10:\"04-04-2026\";i:1;s:10:\"04-06-2026\";i:1;s:10:\"04-07-2026\";i:3;s:10:\"04-09-2026\";i:3;s:10:\"04-10-2026\";i:3;s:10:\"04-13-2026\";i:1;s:10:\"04-15-2026\";i:1;s:10:\"04-17-2026\";i:1;s:10:\"04-18-2026\";i:4;s:10:\"04-23-2026\";i:13;s:10:\"04-24-2026\";i:2;s:10:\"04-25-2026\";i:1;s:10:\"04-27-2026\";i:1;s:10:\"04-28-2026\";i:13;s:10:\"05-01-2026\";i:1;s:10:\"05-02-2026\";i:1;}"],"houzez_recently_viewed":["2026-05-02 00:45:24"],"_elementor_page_assets":["a:0:{}"]},"_links":{"self":[{"href":"https:\/\/inmobiliariaareadelsol.com\/en\/wp-json\/wp\/v2\/properties\/18599","targetHints":{"allow":["GET"]}}],"collection":[{"href":"https:\/\/inmobiliariaareadelsol.com\/en\/wp-json\/wp\/v2\/properties"}],"about":[{"href":"https:\/\/inmobiliariaareadelsol.com\/en\/wp-json\/wp\/v2\/types\/property"}],"author":[{"embeddable":true,"href":"https:\/\/inmobiliariaareadelsol.com\/en\/wp-json\/wp\/v2\/users\/2"}],"version-history":[{"count":0,"href":"https:\/\/inmobiliariaareadelsol.com\/en\/wp-json\/wp\/v2\/properties\/18599\/revisions"}],"wp:attachment":[{"href":"https:\/\/inmobiliariaareadelsol.com\/en\/wp-json\/wp\/v2\/media?parent=18599"}],"wp:term":[{"taxonomy":"property_type","embeddable":true,"href":"https:\/\/inmobiliariaareadelsol.com\/en\/wp-json\/wp\/v2\/property_type?post=18599"},{"taxonomy":"property_status","embeddable":true,"href":"https:\/\/inmobiliariaareadelsol.com\/en\/wp-json\/wp\/v2\/property_status?post=18599"},{"taxonomy":"property_feature","embeddable":true,"href":"https:\/\/inmobiliariaareadelsol.com\/en\/wp-json\/wp\/v2\/property_feature?post=18599"},{"taxonomy":"property_label","embeddable":true,"href":"https:\/\/inmobiliariaareadelsol.com\/en\/wp-json\/wp\/v2\/property_label?post=18599"},{"taxonomy":"property_country","embeddable":true,"href":"https:\/\/inmobiliariaareadelsol.com\/en\/wp-json\/wp\/v2\/property_country?post=18599"},{"taxonomy":"property_state","embeddable":true,"href":"https:\/\/inmobiliariaareadelsol.com\/en\/wp-json\/wp\/v2\/property_state?post=18599"},{"taxonomy":"property_city","embeddable":true,"href":"https:\/\/inmobiliariaareadelsol.com\/en\/wp-json\/wp\/v2\/property_city?post=18599"},{"taxonomy":"property_area","embeddable":true,"href":"https:\/\/inmobiliariaareadelsol.com\/en\/wp-json\/wp\/v2\/property_area?post=18599"}],"curies":[{"name":"wp","href":"https:\/\/api.w.org\/{rel}","templated":true}]}}

<p>Calle Carlo Goldoni Polígono Guadalhorce &gt;Available warehouse with cold room, freshly painted, new translucent, fireproof.<br />
You have the possibility to remove/cancel the camera if you do not need it.<br />
Three-phase light<br />
Wide street for entrance of trailers.</p>

<p>Calle Carlo Goldoni Polígono Guadalhorce &gt;Available warehouse with cold room, freshly painted, new translucent, fireproof. You have the possibility to remove/cancel the camera if you do not need it. Three-phase light Wide street for entrance of trailers.</p>

Calle Carlo Goldoni, Polígono Industrial Guadalhorce, Churriana, Málaga, Málaga-Costa del Sol, Málaga, Andalucía, 29196, Spain
